 8 + 2 - 6.
2
What is the value of 5 + 0 + (0 - -2)?
7
What is the value of 4 - (4 + (-1 - 1)) - 3?
-1
What is the value of 0 + (8 + 1 - (3 - -2))?
4
(-1 - -8) + (0 - 3)
4
Evaluate 2 + (4 - 7 - -3).
2
What is -2 + 0 - (-7 + 8)?
-3
What is -4 + 0 - -1 - -1?
-2
What is the value of -1 - (-15 + 8 + -2)?
8
What is the value of (-1 - -6) + (0 - 22 - -14)?
-3
What is 30 - 15 - 12 - (-3 - -10)?
-4
Evaluate -8 - ((-8 - (2 + -6)) + -2).
-2
What is the value of -2 - 4 - (-16 + 11) - -7?
6
(-4 - -5) + -4 + -1
-4
-10 + 5 + 0 + (4 - 3)
-4
Evaluate -1 + 7 + 4 + -15.
-5
(0 - -4) + (10 - 18)
-4
Calculate -10 - (0 + 0 + -5).
-5
What is (2 - 0) + (-2 - (1 + -1))?
0
Evaluate -8 - (1 + 3 - 7).
-5
Calculate (6 - (31 - 19)) + -1 + 3.
-4
What is -6 + -2 + -3 + 8 + -1?
-4
Evaluate 0 + 6 + -7 - -7.
6
(1 - 1) + (33 + -20 - 7)
6
6 + -6 + -7 + 12 + -1
4
Evaluate 4 - (2 - 0) - (-1 + 8).
-5
Evaluate 3 + (6 - 8 - 2).
-1
Evaluate 7 + -2 + (-10 + 10 - 12).
-7
What is the value of (1 - 4 - -4) + 8 - 3?
6
-2 + 4 + -7 + 6 + -9
-8
(-1 + 0 - 0) + -1 + 6
4
Evaluate 2 - 4 - -2 - (1 + -3).
2
What is -65 - -65 - (-1 - 4)?
5
Calculate 1 - (-4 - (4 + -6)).
3
Calculate 130 + -123 - (-1 - -7).
1
-4 - (-3 - (6 + -1))
4
0 + (-5 - (-13 + 2) - 7)
-1
Calculate -14 - -11 - -13 - 2.
8
What is the value of 5 + -5 - (0 - (-1 - -2))?
1
What is the value of 4 - (1 + -3 + 1)?
5
What is -2 + 6 - (2 + 5 + -4)?
1
What is -6 + 2 + (11 - (-12 + 14))?
5
Evaluate (-5 - (4 + -7 + 0)) + 1.
-1
What is 0 + (10 + 1 - 5)?
6
What is -9 + 17 - (-1 - -8)?
1
Calculate (418 - 411) + (-15 - 1) + 1.
-8
1 - ((12 - 5) + -5)
-1
What is the value of -1 - (2 + 0 - -2)?
-5
Evaluate (-4 + 3 + -3 - -4) + 1.
1
(-12 - -14 - 1) + (0 - 7)
-6
What is (3 - -1) + (-6 - -4) - 1?
1
3 + -13 + (-16 - -28)
2
Calculate 3 - (-6 + 4) - 3.
2
What is -7 - -10 - (1 - -5)?
-3
0 + -4 + (-11 - (8 - 19))
-4
Evaluate 1 + -1 + 10 + -10.
0
Evaluate -14 + 10 - (-5 - 3).
4
2 - (5 - (-1 + -2 + 3))
-3
Calculate 2 - (8 + -7 - -6) - -3.
-2
What is (-8 - -4) + 5 + -10?
-9
What is the value of -13 + 11 + 4 + -5?
-3
Evaluate 7 - (19 + -7 + 1).
-6
What is the value of (141 - 137) + -9 + 1?
-4
What is the value of 16 + -4 + -6 + -17 - -1?
-10
Calculate -2 + 8 + 1 - (-30 + 26).
11
Calculate 0 - (5 + (7 - 2 - 4)).
-6
Calculate 3 + (1 + -1 - (-11 + 17)).
-3
Calculate (2 - 0) + (0 - (-4 + 0)).
6
What is -3 - (-3 + -3) - (3 + 2)?
-2
What is the value of 4 + 8 + (1 - 6)?
7
What is (20 + -13 - 12) + -5?
-10
What is the value of -2 + -3 + 4 - -1?
0
What is (24 - 28) + (-1 - -5)?
0
What is 7 + -10 - (1 + 0) - -6?
2
Calculate 2 - 5 - (1 + -1).
-3
-3 + 7 - (6 + 1) - 0
-3
Calculate 0 + 6 - 1 - 1.
4
-7 + (1 - (0 + 2 + -6))
-2
Evaluate (-3 - (1 + 2)) + 4.
-2
What is the value of (-1 - -10) + (-3 - 2)?
4
-9 - -4 - (5 - 7 - -2)
-5
Evaluate 12 + -8 + -2 + 3.
5
Calculate 3 - (3 + 1 - (-3 + 1)).
-3
What is (-8 + 25 - 13) + -6?
-2
What is the value of 14 - (-9 + 3 - 0 - -9)?
11
Calculate 2 - (1 + 1 - (7 - 1)).
6
Calculate -1 + -2 + (3 - 3) + 1.
-2
Evaluate (-4 - 3 - (-11 + -2)) + 4.
10
Calculate 0 + -1 + -1 + -2.
-4
What is the value of 11 + (6 - 7) + 0?
10
Calculate 4 - (-3 + 9) - -7.
5
What is the value of -1 - (3 - (1 - 0)) - -1?
-2
Calculate -18 + 13 - (-6 - 3).
4
What is the value of 9 + (-14 - -5) - 2?
-2
1 + (6 - 2 - (-2 + 4))
3
What is 2 + -1 + (-2 - -1)?
0
What is -1 + -1 + (0 - -4)?
2
What is the value of -3 + -1 + 4 - 5?
-5
Calculate -7 + -4 + 5 + -3.
-9
What is -7 - (-11 - (-7 - -3))?
0
Evaluate -7 + 7 + (-3 - -2) + 8.
7
Evaluate (-8 - -10) + -3 + -4.
-5
Calculate 1 - 0 - (5 - (8 - 6)).
-2
What is the value of 2 + 2 + -6 - -8?
6
What is the value of (-2 + -1 - (-7 + -2)) + -5?
1
What is -3 - (5 + -7 - 4)?
3
Calculate -5 - -3 - (-3 - -4 - 3).
0
What is the value of 8 + 1 + -6 + (-1 - 1)?
1
What is 1 + (2 + -6 - (1 + -3))?
-1
What is 3 - (3 + -5 + 2 + 0)?
3
What is the value of 4 + (-3 + 5 - 4)?
2
What is the value of 5 + -2 + 12 - 8?
7
1 + (-1 - (2 - 3))
1
What is 2 + 0 + -8 - (0 - 1)?
-5
Calculate -4 - (-6 + (2 - 3)).
3
Evaluate 2 + (-5 - 2) - (8 + -8).
-5
Calculate -3 + 7 + -3 + 0 - 0.
1
What is the value of (0 - -4) + -14 + 9 + -4?
-5
Calculate 0 + -9 + (35 - 34).
-8
What is -5 - (-9 - 8 - (-3 + -4))?
5
(5 - (6 - 9)) + -6
2
Evaluate -7 + 1 + (9 - 4).
-1
What is (21 - 19) + (-1 - (-5 - -3))?
3
Calculate -2 - -5 - (-3 - -9).
-3
-7 - (-8 + 16 - 25)
10
What is 6 + -2 + 1 + -5 + 3?
3
What is -17 - -15 - (0 + -2)?
0
What is the value of 4 + -2 - (-3 - (-5 + 2))?
2
What is 3 + -7 + -3 + 2?
-5
0 + 5 - (-1 - (-10 - 2))
-6
Evaluate (-1 - 3) + (3 + -11 - -7).
-5
(-1 - (-3 + 5)) + -1 - -3
-1
What is 1 - (0 + (-1 - 2))?
4
Calculate (-1 - -1) + 0 + (-1 - -3).
2
Calculate 1 + -1 + (1 - 0).
1
What is the value of 1 + -4 + (-4 - -5)?
-2
Calculate 0 - (1 + 0) - (-16 + 9).
6
Calculate 4 - ((5 - 1) + -1).
1
Calculate (71 - 68) + (-10 - (3 + -2)).
-8
What is 1 + (-8 - -1) - -4?
-2
4 - (4 + (5 - 0) + 0)
-5
Calculate -2 - 4 - -9 - 4.
-1
Calculate (6 - (-3 - -14)) + 4 + -3.
-4
Calculate 1 + 1 - 1 - (10 + -3).
-6
38 - 43 - (2 - 15)
8
Evaluate 5 + -4 + (-4 - 4 - -2).
-5
Evaluate (0 - (1 + -7)) + 225 + -224.
7
What is the value of 12 - 18 - (3 - (-3 + 2))?
-10
What is -3 + 2 + 0 - (-1 - 0)?
0
What is the value of 13 - (16 + 6 + -13)?
4
Evaluate 8 - 0 - (1 - -1).
6
Calculate (-21 - -7) + 9 + 7.
2
What is the value of (-18 - -19) + 1 + 0 + -7?
-5
8 + (-12 - (5 + -6))
-3
What is the value of (4 - 2) + -8 + 4?
-2
What is the value of -1 + 15 + (-7 - -2)?
9
What is 15 + (58 - 63 - (3 + -1))?
8
Evaluate (6 + -3 - 5) + -5.
-7
Evaluate (1 - -3) + -1 + -28 + 25.
0
What is 5 - (7 - -5 - 6)?
-1
Evaluate 1 + -7 - (-1 + 0).
-5
Calculate (0 - -7) + (82 - 85).
4
Evaluate 1 + -11 + (4 - -2).
-4
Evaluate 2 + 0 + 1 - (-1 - -9).
-5
What is the value of 3 - 9 - (-1 - 1)?
-4
Calculate 6 + -5 + (8 - 11).
-2
Calculate -1 - (-4 + (1 - -3)).
-1
What is the value of -4 + 14 + -5 + 4 + 1?
10
What is -6 + 9 + (-2 - -1) - 2?
0
Evaluate (12 - -8 - 9) + -9.
2
4 - (-1 + -2 - -4 - -2)
1
What is -5 + (4 - (2 - (-4 + 12)))?
5
-3 + (-6 + 12 - (0 - -2))
1
-2 + 4 + 8 + (-25 - -19)
4
What is the value of -33 - -31 - (1 - 2 - 8)?
7
What is 8 + (4 + (-1 - 2) - 3)?
6
Calculate (-6 + 4 + 4 - 4) + -3.
-5
5 - (0 - -1) - 5
-1
Calculate -1 + 0 + 2 - -2.
3
What is 4 + -2 + 3 + 0?
5
Calculate 5 + (5 + -7 - -1).
4
What is -2 + 0 + (13 - 28 - -21)?
4
Evaluate 6 - (-3 + -5 - -6).
8
What is the value of (3 + 2 - 1) + (-8 - -5)?
1
Evaluate 3 + (3 - (1 - -6)).
-1
What is the value of 0 - 2 - 3 - -9 - 9?
-5
Evaluate (7 - (4 + -2)) + -2.
3
Evaluate 3 - -3 - (2 - (0 + -1)).
3
What is the value of 1 + 2 - (3 + (0 - 0))?
0
0 + 2 + 1 + 1 - 2
2
Evaluate -2 - (-4 + -2) - (-3 - -4).
3
What is the value of (1 - 9) + (138 - 126)?
4
Evaluate 0 + 6 + (5 + -3 - 3).
5
Evaluate 5 - 3 - (2 + 2 + -1).
-1
Evaluate 2 - (4 - (-6 + 6)).
-2
-11 + (11 - -6) - 7
-1
Calculate 8 + (-3 + 6 - 6).
5
Evaluate -1 - (-1 - (-3 + 6)) - -1.
4
What is the value of (6 - -2) + -9 + (-1 - -3)?
1
Calculate 3 + 0 + -7 + 2.
-2
-3 + 3 + (-6 - -8) + -1
1
Calculate 7 + (-12 - (-5 + -1)).
1
Evaluate -7 - ((-1 - 3) + 2 + -2).
-3
What is 1 + -4 + (1 - 0)?
-2
-1 - (-11 - 9 - -9)
10
Calculate -2 + 1 + (1 - 5).
-5
What is 24 + -28 + 5 + 4?
5
What is the value of -2 - (-1 + (7 - 8))?
0
What is 8 + (-9 - -3 - -5)?
7
Evaluate -13 + 9 - (-7 + 2).
1
What is the value of (0 - 3) + 1 + (1 - -3)?
2
Evaluate 3 - (-4 - -10) - (8 - 9).
-2
Calculate 2 + -2 - (-3 + 1) - -1.
3
What is 0 - -3 - -1 - 1?
3
What is (-3 + 3 - -1) + -5?
-4
0 + 2 - 1 - (-28 + 26)
3
(-3 - -17) + -6 + -1
7
1 + -1 + (-5 - -1)
-4
What is 1 + (1 - (-3 - -7))?
-2
What is -1 + 5 - (5 + -6)?
5
What is the value of 1 - (0 - (-6 - -9) - -3)?
1
Evaluate (-16 - -7) + 2 - -5.
-2
(-11 - (-7 - -1)) + 8
3
Calculate -1 + -2 - (9 + -15).
3
Evaluate -4 - (-17 - -13) - (-2 + -5).
7
Calculate (4 - 1 - 5) + -2.
-4
What is the value of 7 - (11 - 0 - 9)?
5
Evaluate (-12 - -6 - -9) + 3 - 5.
1
Calculate 0 + 5 - (11 + -2).
-4
Evaluate 1 + (-2 - (-4 + 1) - 2).
0
Calculate -2 + (2 - -11) - 11.
0
Evaluate -5 + (3 - -4) - (1 + -1).
2
Evaluate 0 + 6 + 9 + (-11 - -3).
7
Calculate 3 - ((-3 - (2 + -1)) + 3).
4
0 + 5 + -4 + -2
-1
What is -9 - (-1 - (5 - 2))?
-5
What is -1 + 2 - (1 + -1)?
1
What is (3 + -5 - 2) + 4?
0
2 + 2 - (2 + 1 + 2)
-1
What is the value of 0 + -9 